{"id":7238,"date":"2022-08-19T09:44:35","date_gmt":"2022-08-19T08:44:35","guid":{"rendered":"https:\/\/www.opcina-kiseljak.org\/web\/?page_id=7238"},"modified":"2026-04-21T11:46:19","modified_gmt":"2026-04-21T10:46:19","slug":"opcinski-dokumenti-i-vodici","status":"publish","type":"page","link":"https:\/\/www.opcina-kiseljak.org\/web\/opcinski-dokumenti-i-vodici\/","title":{"rendered":"Op\u0107inski dokumenti i vodi\u010di"},"content":{"rendered":"<p>[et_pb_section fb_built=&#8221;1&#8243; _builder_version=&#8221;4.18.0&#8243; _module_preset=&#8221;default&#8221; global_colors_info=&#8221;{}&#8221;][et_pb_row _builder_version=&#8221;4.18.0&#8243; _module_preset=&#8221;default&#8221; global_colors_info=&#8221;{}&#8221;][et_pb_column type=&#8221;4_4&#8243; _builder_version=&#8221;4.18.0&#8243; _module_preset=&#8221;default&#8221; global_colors_info=&#8221;{}&#8221;][et_pb_text _builder_version=&#8221;4.27.6&#8243; _module_preset=&#8221;default&#8221; hover_enabled=&#8221;0&#8243; global_colors_info=&#8221;{}&#8221; sticky_enabled=&#8221;0&#8243;]<\/p>\n<ol>\n<li><span><\/span><strong><a href=\"https:\/\/www.opcina-kiseljak.org\/web\/wp-content\/uploads\/2023\/03\/01.-Trogodisnji-plan-Opcine-Kiseljak-ADS-USKLADENO.pdf\">Trogodi\u0161nji Plan rada Op\u0107ine Kiseljak za razdoblje 2022. \u2013 2024. godina. (Uskla\u0111eno)\u00a0<\/a><\/strong><\/li>\n<li><strong><a href=\"https:\/\/www.opcina-kiseljak.org\/web\/wp-content\/uploads\/2023\/03\/02.-Trogodisnji-plan-Opcine-Kiseljak-2023-2025.pdff\"><\/a><a href=\"https:\/\/www.opcina-kiseljak.org\/web\/wp-content\/uploads\/2023\/03\/02.-Trogodisnji-plan-Opcine-Kiseljak-2023-2025.pdf\">Trogodi\u0161nji Plan rada Op\u0107ine Kiseljak za razdoblje 2023. \u2013 2025. godina.\u00a0<\/a><\/strong><\/li>\n<li><strong><a href=\"https:\/\/www.opcina-kiseljak.org\/web\/wp-content\/uploads\/2023\/03\/NACRT-plan-rada-za-2023-2.pdf\">Nacrt Plana rada Op\u0107ine Kiseljak za 2023. godinu.\u00a0<\/a><\/strong><\/li>\n<li><a href=\"https:\/\/www.opcina-kiseljak.org\/web\/wp-content\/uploads\/2023\/03\/prirucnik-1.pdf\"><span><b>PRIRU\u010cNIK o isho\u0111enju urbanisti\u010dkih, gra\u0111evinskih i uporabnih dozvola Op\u0107ine Kiseljak<\/b><\/span><\/a><\/li>\n<li><a href=\"https:\/\/www.opcina-kiseljak.org\/web\/wp-content\/uploads\/2023\/06\/14.-Strategija-razvoja-opcine-Kiseljak-2021-2027.docx\"><span><b>Strategija razvoja op\u0107ine Kiseljak 2021. \u2013 2027. godina<\/b><\/span><\/a><\/li>\n<li><span><b><a href=\"https:\/\/www.opcina-kiseljak.org\/web\/wp-content\/uploads\/2023\/07\/Odluka-o-kriterijima-nacinu-i-postupku-raspodjele-proracunskih-sredstava-Opcine-Kiseljak-iz-transfera-za-sport.pdf\" rel=\"attachment wp-att-9307\">Odluka o kriterijima, na\u010dinu i postupku raspodjele prora\u010dunskih sredstava Op\u0107ine Kiseljak iz transfera za sport<\/a><\/b><\/span><\/li>\n<li><span><b><a href=\"https:\/\/www.opcina-kiseljak.org\/web\/wp-content\/uploads\/2023\/07\/obrazac-upisa-internih-akata-u-Registar.doc\" rel=\"attachment wp-att-9308\">Obrazac upisa internih akata u Registar<\/a><\/b><\/span><\/li>\n<li><span><span><b><a href=\"https:\/\/www.opcina-kiseljak.org\/web\/wp-content\/uploads\/2024\/06\/Odluka-Sklapanje-braka.pdf\" rel=\"attachment wp-att-10261\">Odluka o naknadi za postupak spklapanje braka mati\u010darima u Op\u0107ini Kiseljak<\/a><\/b><\/span><\/span><span><b><a href=\"https:\/\/www.opcina-kiseljak.org\/web\/wp-content\/uploads\/2024\/06\/Odluka-Sklapanje-braka.pdf\" rel=\"attachment wp-att-10261\"><\/a><\/b><\/span><\/li>\n<li><span><span><b><a href=\"https:\/\/www.opcina-kiseljak.org\/web\/wp-content\/uploads\/2024\/07\/03-Dokument-okvirnog-proracuna-Opcine-Kiseljak-za-period-2025-2027.doc\" rel=\"attachment wp-att-10328\">Dokument okvirnog Prora\u010duna Op\u0107ine Kiseljak za razdoblje 2025. \u2013 2027. godina<\/a><\/b><\/span><\/span><\/li>\n<li><span><span><b><a href=\"https:\/\/www.opcina-kiseljak.org\/web\/wp-content\/uploads\/2024\/12\/TROGODISNJI-PLAN-RADA-OPCINE-KISELJAK-2024-2026.pdf\" rel=\"attachment wp-att-10831\">Trogodi\u0161nji plan rada Op\u0107ine Kiseljak za razdoblje 2024-2026<\/a><\/b><\/span><\/span><\/li>\n<li><span><span><b><a href=\"https:\/\/www.opcina-kiseljak.org\/web\/wp-content\/uploads\/2024\/12\/Odluka-o-usvajanju-plana-rada-za-2024-godinu.pdf\" rel=\"attachment wp-att-10832\">Odluka o usvajanju plana rada za 2024 godinu<\/a><\/b><\/span><\/span><\/li>\n<li><span><span><b><a href=\"https:\/\/www.opcina-kiseljak.org\/web\/wp-content\/uploads\/2024\/12\/5.-Plan-rada-za-Opcine-Kiseljak-za-2024-godinu.doc\" rel=\"attachment wp-att-10833\">Plan rada za Op\u0107ine Kiseljak za 2024 godinu<\/a><\/b><\/span><\/span><\/li>\n<li><a href=\"https:\/\/www.opcina-kiseljak.org\/web\/wp-content\/uploads\/2025\/11\/1.-NACRT-PRORACUNA-ZA-2026-Hr-1.xls\"><span><span><b>Nacrt prora\u010duna Op\u0107ine Kiseljak za 2026. godinu<\/b><\/span><\/span><\/a><\/li>\n<li><span><span><b><a href=\"https:\/\/www.opcina-kiseljak.org\/web\/wp-content\/uploads\/2026\/03\/TROGODISNJI-PLAN-RADA-OPCINA-KISELJAK-2026-2028-opcina-Kiseljak-FInal.docx\" rel=\"attachment wp-att-12273\">TROGODI\u0160NJI PLAN RADA OP\u0106INA KISELJAK 2026-2028 op\u0107ina Kiseljak<\/a><\/b><\/span><\/span><\/li>\n<li><span><span><b><a href=\"https:\/\/www.opcina-kiseljak.org\/web\/wp-content\/uploads\/2026\/04\/Obrasci_izvjestavanje_2026-OPCINA-KISELJAK.xlsx\" rel=\"attachment wp-att-12555\">Obrasci_izvje\u0161tavanje_2026 OP\u0106INA KISELJAK<\/a><\/b><\/span><\/span><\/li>\n<li><span><span><b><a href=\"https:\/\/www.opcina-kiseljak.org\/web\/wp-content\/uploads\/2026\/04\/GODISNJI-Obrasci_za_objavu_podataka_o_dugu-_01_2026-OPCINA-KISELJAK.xlsx\" rel=\"attachment wp-att-12556\">GODI\u0160NJI Obrasci_za_objavu_podataka_o_dugu _01_2026 OP\u0106INA KISELJAK<\/a><\/b><\/span><\/span><\/li>\n<li><span><span><b><a href=\"https:\/\/www.opcina-kiseljak.org\/web\/wp-content\/uploads\/2026\/04\/1.-Obrasci_izvjestavanje_2026-OPCINA-KISELJAK.xlsx\" rel=\"attachment wp-att-12557\">1. Obrasci_izvje\u0161tavanje_2026 OP\u0106INA KISELJAK<\/a><\/b><\/span><\/span><\/li>\n<\/ol>\n<p>[\/et_pb_text][\/et_pb_column][\/et_pb_row][\/et_pb_section][et_pb_section fb_built=&#8221;1&#8243; _builder_version=&#8221;4.16&#8243; background_image=&#8221;https:\/\/opcina-kiseljak.org\/web\/wp-content\/uploads\/2019\/01\/footer1.png&#8221; global_colors_info=&#8221;{}&#8221;][et_pb_row column_structure=&#8221;1_3,1_3,1_3&#8243; _builder_version=&#8221;4.16&#8243; global_colors_info=&#8221;{}&#8221;][et_pb_column type=&#8221;1_3&#8243; _builder_version=&#8221;4.16&#8243; custom_padding=&#8221;|||&#8221; global_colors_info=&#8221;{}&#8221; custom_padding__hover=&#8221;|||&#8221;][et_pb_text _builder_version=&#8221;4.16&#8243; text_orientation=&#8221;center&#8221; background_layout=&#8221;dark&#8221; text_text_shadow_style=&#8221;preset5&#8243; header_text_shadow_style=&#8221;preset1&#8243; global_colors_info=&#8221;{}&#8221;]<\/p>\n<p style=\"text-align: center;\"><strong>Op\u0107ina Kiseljak<\/strong><\/p>\n<p style=\"text-align: center;\"><strong>Bana Josipa Jela\u010di\u0107a 41,<\/strong><\/p>\n<p style=\"text-align: center;\"><strong>71250 Kiseljak,<\/strong><\/p>\n<p style=\"text-align: center;\"><strong>SBK\/KSB,\u00a0Bosna i Hercegovina<\/strong><\/p>\n<p style=\"text-align: center;\"><strong>e-mail: opc.kiseljak@tel.net.ba<\/strong><\/p>\n<p>[\/et_pb_text][\/et_pb_column][et_pb_column type=&#8221;1_3&#8243; _builder_version=&#8221;4.16&#8243; custom_padding=&#8221;|||&#8221; global_colors_info=&#8221;{}&#8221; custom_padding__hover=&#8221;|||&#8221;][et_pb_image src=&#8221;https:\/\/www.opcina-kiseljak.org\/web\/wp-content\/uploads\/2019\/01\/Grb_png-764&#215;1024.png&#8221; align=&#8221;center&#8221; align_tablet=&#8221;center&#8221; align_phone=&#8221;&#8221; align_last_edited=&#8221;on|desktop&#8221; _builder_version=&#8221;4.16&#8243; max_width=&#8221;45%&#8221; module_alignment=&#8221;center&#8221; custom_margin=&#8221;25px||25px|&#8221; mix_blend_mode=&#8221;soft-light&#8221; global_colors_info=&#8221;{}&#8221;]<br \/>\n[\/et_pb_image][\/et_pb_column][et_pb_column type=&#8221;1_3&#8243; _builder_version=&#8221;4.16&#8243; custom_padding=&#8221;|||&#8221; global_colors_info=&#8221;{}&#8221; custom_padding__hover=&#8221;|||&#8221;][et_pb_text _builder_version=&#8221;4.16&#8243; text_orientation=&#8221;center&#8221; background_layout=&#8221;dark&#8221; global_colors_info=&#8221;{}&#8221;]<\/p>\n<p style=\"text-align: center;\"><strong>Kontakt telefoni:<\/strong><\/p>\n<p style=\"text-align: center;\"><strong>Informacije:<\/strong><\/p>\n<p style=\"text-align: center;\"><strong>+387 30 877 824,<\/strong><\/p>\n<p style=\"text-align: center;\"><strong>Ured Na\u010delnika:<\/strong><\/p>\n<p style=\"text-align: center;\"><strong>+387 30 877 800,<\/strong><\/p>\n<p style=\"text-align: center;\"><strong>Fax:<\/strong><\/p>\n<p style=\"text-align: center;\"><strong>+387 30 879 077<\/strong><\/p>\n<p>[\/et_pb_text][\/et_pb_column][\/et_pb_row][\/et_pb_section]<\/p>\n","protected":false},"excerpt":{"rendered":"<p>Trogodi\u0161nji Plan rada Op\u0107ine Kiseljak za razdoblje 2022. \u2013 2024. godina. (Uskla\u0111eno)\u00a0 Trogodi\u0161nji Plan rada Op\u0107ine Kiseljak za razdoblje 2023. \u2013 2025. godina.\u00a0 Nacrt Plana rada Op\u0107ine Kiseljak za 2023. godinu.\u00a0 PRIRU\u010cNIK o isho\u0111enju urbanisti\u010dkih, gra\u0111evinskih i uporabnih dozvola Op\u0107ine Kiseljak Strategija razvoja op\u0107ine Kiseljak 2021. \u2013 2027. godina Odluka o kriterijima, na\u010dinu i postupku [&hellip;]<\/p>\n","protected":false},"author":12,"featured_media":0,"parent":0,"menu_order":0,"comment_status":"closed","ping_status":"closed","template":"","meta":{"_et_pb_use_builder":"on","_et_pb_old_content":"","_et_gb_content_width":"","footnotes":""},"class_list":["post-7238","page","type-page","status-publish","hentry"],"_links":{"self":[{"href":"https:\/\/www.opcina-kiseljak.org\/web\/wp-json\/wp\/v2\/pages\/7238","targetHints":{"allow":["GET"]}}],"collection":[{"href":"https:\/\/www.opcina-kiseljak.org\/web\/wp-json\/wp\/v2\/pages"}],"about":[{"href":"https:\/\/www.opcina-kiseljak.org\/web\/wp-json\/wp\/v2\/types\/page"}],"author":[{"embeddable":true,"href":"https:\/\/www.opcina-kiseljak.org\/web\/wp-json\/wp\/v2\/users\/12"}],"replies":[{"embeddable":true,"href":"https:\/\/www.opcina-kiseljak.org\/web\/wp-json\/wp\/v2\/comments?post=7238"}],"version-history":[{"count":0,"href":"https:\/\/www.opcina-kiseljak.org\/web\/wp-json\/wp\/v2\/pages\/7238\/revisions"}],"wp:attachment":[{"href":"https:\/\/www.opcina-kiseljak.org\/web\/wp-json\/wp\/v2\/media?parent=7238"}],"curies":[{"name":"wp","href":"https:\/\/api.w.org\/{rel}","templated":true}]}}